{"id":82,"date":"2015-10-26T23:20:12","date_gmt":"2015-10-26T21:20:12","guid":{"rendered":"http:\/\/schule-altengamme.schulhomepages.hamburg.de\/?page_id=82"},"modified":"2025-05-30T17:28:21","modified_gmt":"2025-05-30T15:28:21","slug":"ganztagsbetreuung-gbs","status":"publish","type":"page","link":"https:\/\/schule-altengamme-deich.hamburg.de\/?page_id=82","title":{"rendered":"Ganztag (GBS)"},"content":{"rendered":"<p>An unserer Schule wird nach dem Unterricht am Vormittag ein vielf\u00e4ltiges Angebot durch unseren Kooperationspartner \u201eElbkinder\u201c gew\u00e4hrleistet. Die enge Zusammenarbeit von Schule und Kooperationspartner ist uns dabei sehr wichtig.<\/p>\n<p>Schwerpunkte in der Nachmittagsbetreuung sind:<\/p>\n<ul>\n<li>Schulaufgabenbetreuung (Lernzeit)<\/li>\n<li>Ausgewogene und leckere Mahlzeit, die in einem Zeitfenster selbstbestimmt gegessen werden kann (Free-Flow ab Juni 2025)<\/li>\n<li>Ausgewogene Angebote unter Ber\u00fccksichtigung der Hamburger Bildungsempfehlungen<\/li>\n<li>R\u00fcckzugsm\u00f6glichkeiten und Spielangebote<\/li>\n<li>Soziales Lernen\/gleiche Werte und Normen wie am Vormittag<\/li>\n<li>Verl\u00e4ssliche Betreuung durch p\u00e4dagogisch qualifiziertes Personal<\/li>\n<\/ul>\n<p>Schon lange bieten die Elbkinder den Kindern am Nachmittag vielf\u00e4ltige Arbeitsgemeinschaften zur Auswahl an (z.B. Holzwerken, Fu\u00dfball, Bewegungslandschaft, MaxBoard, Kochen, Bildung f\u00fcr nachhaltige Entwicklung wie z.B. Hochbeete), die sich gro\u00dfer Beliebtheit erfreuen. Diese Angebote werden regelm\u00e4\u00dfig \u00fcberdacht und ggf. aktualisiert.<\/p>\n<p>Seit 2014 haben wir einen Neubau, in dem auch unsere Mensa untergebracht ist. Der Raum ist lichtdurchflutet und wird auch am Vormittag, sowie im Anschluss an das Essen, gern genutzt. Aufgrund der wachsenden Schule gibt es seit dem Sommer 2024 einen zweiten Essensraum in einem Container.<\/p>\n<p>Das Mittagessen ist reichhaltig und lecker und kostet max. 4,70 \u20ac (ggf. Kosten\u00fcbernahme durch Beh\u00f6rde).<\/p>\n<p>Die Teilnahme am Ganztag ist freiwillig, bei Anmeldung aber an 3 Tagen in der Zeit von 13.00 bis 15.00 Uhr verbindlich und bis 16.00 Uhr kostenlos.Sollten Sie Ihr Kind f\u00fcr die GBS anmelden, ist die Teilnahme auch an 4 oder 5 Tagen m\u00f6glich (Montag bis Freitag). Unsere festen Abholzeiten sind 15 Uhr, 16 Uhr und direkt nach dem Mittagessen. Eine Fr\u00fch- und Sp\u00e4tbetreuung kann bei Bedarf von 6.00 bis 8.00 Uhr und 16.00 bis 18.00 Uhr hinzugebucht werden. Auch f\u00fcr die Ferien k\u00f6nnen die Kinder angemeldet werden. Die Betreuung in den genannten Randzeiten und in den Ferien ist kostenpflichtig.<\/p>\n<p>Bei Fragen wenden Sie sich gern an unsere p\u00e4dagogische Leitung:<\/p>\n<p>Kelvin Wodrich (<a href=\"mailto:k.wodrich@elbkinder-kitas.de\">k.wodrich@elbkinder-kitas.de<\/a>) Michael Rieke (<a href=\"mailto:m.rieke@elbkinder-kitas.de\">m.rieke@elbkinder-kitas.de)<\/a><\/p>\n<p>Weitere Kontakte:<\/p>\n<p>Handy: 0157\/ 85 90 13 88 (an Ausflugstagen)<\/p>\n<p>Mensa ab 13:00 Uhr (Notsituation) 040\/ 428 96 31 20<\/p>\n<p>Festnetz: 040 \/ 650 428 64<\/p>\n<p>E-Mail: <a href=\"mailto:gbs-altengamme-deich@elbkinder-kitas.de\">gbs-altengamme-deich@elbkinder-kitas.de<\/a><\/p>\n<p>Abmeldungen vom Ganztag bitte weiterhin bis 12:30 Uhr im GBS B\u00fcro (Anrufbeantworter oder per Mail: <a href=\"mailto:gbs-altengamme-deich-team1@elbkinder-kitas.de\">gbs-altengamme-deich-team1@elbkinder-kitas.de<\/a>).<\/p>\n<p><a href=\"https:\/\/schule-altengamme-deich.hamburg.de\/wp-content\/uploads\/sites\/97\/2025\/01\/Das-Wichtigste-in-aller-Kuerze.pdf\">Das Wichtigste in aller K\u00fcrze<\/a><\/p>\n<p align=\"justify\"><a href=\"https:\/\/www.elbkinder-kitas.de\/de\/kinder_und_eltern\/unsere_angebote\/betreuung_an_schulen\/index.html\">Elbkinder<\/a><\/p>\n<p align=\"justify\"><a href=\"https:\/\/www.hamburg.de\/infos-fuer-eltern\/\">Informationen der Hamburger Beh\u00f6rde zur Betreuung am Nachmittag<\/a><\/p>\n<p align=\"justify\"><a href=\"https:\/\/schule-altengamme-deich.hamburg.de\/wp-content\/uploads\/sites\/97\/2024\/06\/GAD_Elternbrief.pdf\">Infobrief Anmeldung Mittagessen (Stand: 06\/2024)<\/a><\/p>\n<p align=\"justify\"><a href=\"https:\/\/schule-altengamme-deich.hamburg.de\/wp-content\/uploads\/sites\/97\/2022\/04\/GAD_Anschreiben-Videos-bei-YouTube.pdf\">Info Anmeldung Mittagsessen per Video<\/a><\/p>\n","protected":false},"excerpt":{"rendered":"<p>An unserer Schule wird nach dem Unterricht am Vormittag ein vielf\u00e4ltiges Angebot durch unseren Kooperationspartner \u201eElbkinder\u201c gew\u00e4hrleistet. Die enge Zusammenarbeit von Schule und Kooperationspartner ist uns dabei sehr wichtig. Schwerpunkte in der Nachmittagsbetreuung sind: Schulaufgabenbetreuung (Lernzeit) Ausgewogene und leckere Mahlzeit, die in einem Zeitfenster selbstbestimmt gegessen werden kann (Free-Flow ab Juni 2025) Ausgewogene Angebote unter &hellip; <a href=\"https:\/\/schule-altengamme-deich.hamburg.de\/?page_id=82\" class=\"more-link\"><span class=\"screen-reader-text\">Ganztag (GBS)<\/span> weiterlesen <span class=\"meta-nav\">&rarr;<\/span><\/a><\/p>\n","protected":false},"author":156,"featured_media":0,"parent":7,"menu_order":0,"comment_status":"closed","ping_status":"closed","template":"","meta":{"_acf_changed":false,"footnotes":""},"class_list":["post-82","page","type-page","status-publish","hentry"],"acf":[],"_links":{"self":[{"href":"https:\/\/schule-altengamme-deich.hamburg.de\/index.php?rest_route=\/wp\/v2\/pages\/82","targetHints":{"allow":["GET"]}}],"collection":[{"href":"https:\/\/schule-altengamme-deich.hamburg.de\/index.php?rest_route=\/wp\/v2\/pages"}],"about":[{"href":"https:\/\/schule-altengamme-deich.hamburg.de\/index.php?rest_route=\/wp\/v2\/types\/page"}],"author":[{"embeddable":true,"href":"https:\/\/schule-altengamme-deich.hamburg.de\/index.php?rest_route=\/wp\/v2\/users\/156"}],"replies":[{"embeddable":true,"href":"https:\/\/schule-altengamme-deich.hamburg.de\/index.php?rest_route=%2Fwp%2Fv2%2Fcomments&post=82"}],"version-history":[{"count":10,"href":"https:\/\/schule-altengamme-deich.hamburg.de\/index.php?rest_route=\/wp\/v2\/pages\/82\/revisions"}],"predecessor-version":[{"id":1456,"href":"https:\/\/schule-altengamme-deich.hamburg.de\/index.php?rest_route=\/wp\/v2\/pages\/82\/revisions\/1456"}],"up":[{"embeddable":true,"href":"https:\/\/schule-altengamme-deich.hamburg.de\/index.php?rest_route=\/wp\/v2\/pages\/7"}],"wp:attachment":[{"href":"https:\/\/schule-altengamme-deich.hamburg.de\/index.php?rest_route=%2Fwp%2Fv2%2Fmedia&parent=82"}],"curies":[{"name":"wp","href":"https:\/\/api.w.org\/{rel}","templated":true}]}}